 -97. Calculate the remainder when 62 is divided by u.
20
Let g be ((-20)/4 - -4)*44. Let n = -21 - g. Let l = n + -14. Calculate the remainder when 23 is divided by l.
5
What is the remainder when 100 is divided by (17 - 1118/65) + (-116)/(-5)?
8
Suppose -4*x - s + 11 = -2*x, -4*x = 3*s - 21. Calculate the remainder when 1/(-5) - (-3128)/115 is divided by x.
3
Let z(o) = -o**3 + 18*o**2 + 52*o + 45. What is the remainder when z(17) is divided by 10?
8
Let h = -245 - -313. What is the remainder when 79 is divided by h?
11
Let b(v) = -v**3 + 29*v**2 + 22*v - 121. Calculate the remainder when b(29) is divided by 8.
5
Let d be ((-245)/(-14))/((-1)/(-2)). Suppose 2*t - 36 = -0*t. What is the remainder when t is divided by ((-1)/5)/((-1)/d)?
4
Let r = -27 - -30. Let x(p) = 2*p**2 - 2*p + 2. Let b = 8 + -6. Calculate the remainder when x(b) is divided by r.
0
Suppose -2*j + 112 = 5*i, 0 = -7*i + 4*i + 4*j + 88. What is the remainder when 57 is divided by i?
9
Let p(n) = 20*n - 5. Suppose -2*h + 5*h = 6. What is the remainder when 0 - (-3 - 137 - -3) is divided by p(h)?
32
Let w = 458 - 324. What is the remainder when w is divided by 23?
19
Suppose -90*b = t - 88*b - 18, -2*t = -b - 61. Calculate the remainder when t is divided by 20.
8
Let i = 15 + -16. Let v be (3/(-6))/(i/36). Suppose 0 = -2*a + v + 18. Calculate the remainder when a is divided by 10.
8
Let b(o) = -4*o + 4. Suppose g - 6*g - 65 = 0. Calculate the remainder when b(g) is divided by 19.
18
Let n = -784 + 787. Suppose 2*t + 3*j = -19, -t - 3*j = -0*t + 17. Let d = t - -9. What is the remainder when d is divided by n?
1
Suppose 0*w - 5*w = 0. Suppose 4*b + 32 - 8 = w. Calculate the remainder when 28 is divided by (b/(-15))/(1/25).
8
Suppose 2*a + 3*g = g + 10, 4*a + 3*g = 25. Suppose 2 = p - a. Calculate the remainder when 26 + 3*8/(-6) is divided by p.
10
Suppose 0*j - j - 51 = 0. Calculate the remainder when (j/(-34))/((-3)/(-212)) is divided by 27.
25
Suppose -753 = -j - 551. What is the remainder when j is divided by 191?
11
Suppose -15*s + 16*s = f - 29, 130 = 5*f - 2*s. Calculate the remainder when 103 is divided by f.
7
Suppose -336 = 649*t - 657*t. Suppose l - 2 - 7 = 0. What is the remainder when t is divided by l?
6
Let p(l) = -l**3 + 2*l**2 + 25*l + 111. What is the remainder when p(-6) is divided by 42?
39
What is the remainder when 28 is divided by 4*6/16*62/93?
0
Suppose 140 = 19*o - 335. What is the remainder when 298 is divided by o?
23
Suppose -2*a = -34 + 14. What is the remainder when 39 is divided by a?
9
Let s(d) = -2*d**3 - d**2 - 2. Let z(m) = 3*m**2 - 72*m + 140. Calculate the remainder when s(-2) is divided by z(22).
2
Suppose -2*v - v + 93 = 0. Suppose -4*s - 5*j + 131 = -20, s = j + v. Calculate the remainder when (-4)/4 + (-100)/(-1) is divided by s.
31
Let j = 27 - 20. Suppose 0 = j*g - 2*g - 30. Calculate the remainder when 67 is divided by (-1 + 75/g)*2.
21
Let a(v) = 3*v**2 - 31*v + 34. What is the remainder when a(12) is divided by 28?
10
Let l(p) = 19*p - 19. Let i be l(7). Suppose 0 = -2*m + 4*q + i, -3*m + q + 119 = -77. What is the remainder when m is divided by 35?
32
Calculate the remainder when 27/15*10/18*21 is divided by 17.
4
Let z(o) = -19*o - 8. Let u be z(-4). Suppose -2*x - u = -3*n, -3*n + 0*x = x - 56. What is the remainder when 37 is divided by n?
17
Let x = 429 - 422. Calculate the remainder when 26 is divided by x.
5
Suppose s - 49 + 3 = 0. Suppose -s = -2*m + 4*t, 3*m + 11 = 4*t + 84. Calculate the remainder when 107 is divided by m.
26
Let h(m) = 19*m**2 + m + 1. Let v(g) = g**2 + 6*g - 1. Let p be v(-6). What is the remainder when 54 is divided by h(p)?
16
Suppose -2*h - 2*h + 48 = 0. Suppose -2*o - 3*b + 73 = 0, 0 = -4*o - 5*b + 180 - 35. What is the remainder when o is divided by h?
11
Suppose 23*p = 24*p - 2. Suppose a - p*g + 3*g = 6, 3*g + 12 = 2*a. Calculate the remainder when 9 is divided by a.
3
Suppose 5*m + 2*u = 1, 0 = 5*m - 2*u - 2 - 7. Calculate the remainder when 33 is divided by m/(-3) - 312/(-18) - 0.
16
Let w(v) = 43*v - 16. Calculate the remainder when w(1) is divided by 21.
6
Suppose 4*v - 6*v + 58 = 0. Suppose 2*r - 15 = 15. Calculate the remainder when v is divided by r.
14
Suppose o = 4*h + 170, 4*h = 4*o - 420 - 296. Suppose u = -4*z + o, -z + 2*u + 41 = -0*u. What is the remainder when ((-136)/6)/((-30)/z) is divided by 12?
10
Let b = -313 + 457. What is the remainder when 1003 is divided by b?
139
Suppose 26 = 7*g + 5. Suppose g*i = 5*v + 5*i - 133, v - 3*i = 30. What is the remainder when v is divided by 16?
11
Let q = 1080 - 1069. Calculate the remainder when 127 is divided by q.
6
Let t(w) = -w**2 + 7*w + 31. Suppose 0 = -2*d + 3*d - 9. What is the remainder when 87 is divided by t(d)?
9
Suppose 88 = 2*v - 4*s, -4*v + s + 222 - 11 = 0. What is the remainder when v is divided by 22?
10
Let p(l) = 5*l - 8. Suppose -5*z + 87 = -433. What is the remainder when z is divided by p(7)?
23
Suppose -3*m - g + 13 = m, -14 = 3*m - 4*g. Let x be (0 + -22)*(-7)/14. Suppose -x*a = -12*a + 5. What is the remainder when a is divided by m?
1
Let g = -5 + 9. Suppose g*s + 5*y + 67 = 294, 2*y + 100 = 2*s. What is the remainder when s is divided by 19?
15
Let d(n) = n**3 + 4*n**2 - n. Let x be d(-3). Suppose u - 3*z - z = -13, 0 = -u - z + x. What is the remainder when 10 is divided by u?
3
Let j(o) = -2*o**3 + 2*o**2 - 7*o - 14. Calculate the remainder when 69 is divided by j(-2).
21
Let y(u) = 8*u**2 + 2*u + 1. What is the remainder when y(4) is divided by 43?
8
Let g(u) = -u**3 + 10*u**2 + 9*u + 7. What is the remainder when g(9) is divided by 25?
19
Suppose 2*z - 4*c - 27 = 61, 5*z + 5*c = 235. Suppose -86 = -g - m + 53, -425 = -3*g - 5*m. Calculate the remainder when g is divided by z.
43
Let z(s) = -s**2 + 15*s - 11. Let g be z(14). Suppose -g*j = -0*j - 120. Calculate the remainder when j is divided by 21.
19
Let d(o) = -26*o - 4. Let b be d(3). Suppose 0 = -2*s + s + 2*z + 4, 3*z - 12 = 0. Calculate the remainder when (-3)/(-2) - b/4 is divided by s.
10
Let y(j) = j**3 + 16*j**2 + j + 19. Let i be y(-16). Suppose i*o - 6*d + d = 104, 4*d - 95 = -3*o. Calculate the remainder when o is divided by 11.
0
Suppose 0 = -2*i - 7*i + 2538. What is the remainder when i is divided by 22?
18
Suppose 4*n - 3*x = 5*n + 119, -x = 0. Let h = -106 - n. Calculate the remainder when 35 is divided by h.
9
Suppose 0 = 2497*x - 2495*x - 30. Suppose 0 = -5*c - 0*c + 665. Calculate the remainder when c is divided by x.
13
Suppose g = 4*x, 0 = -5*g - x + 19 + 23. Suppose -g*i = -2*i - 600. What is the remainder when i is divided by 34?
32
Let z(g) = 5*g**3 - 13*g - 4*g + 9 + 7 - 4*g**3 + 16*g**2. What is the remainder when 63 is divided by z(-17)?
15
Suppose -2*v + 3*f = 2*f - 90, -3*v + 4*f = -145. What is the remainder when 171 is divided by v?
42
Suppose 6*o - 2 = 7*o. Let l(w) = -37*w - 17. Calculate the remainder when l(o) is divided by 17.
6
Let w(r) = r**3 - 10*r**2 + 8*r + 1. Let q be w(9). Let b be (-2)/((16/4)/q). Suppose -b*c + 202 = -78. Calculate the remainder when c is divided by 18.
16
Let x = 4 + 8. Let t(j) = 3*j - 7. Calculate the remainder when 84 is divided by t(x).
26
Suppose 5*d + 205 = 5*n, 0 = 2*n + 3*d - 6*d - 87. Let r = 19 + -19. Calculate the remainder when n is divided by (6 - (r - -4)) + 11.
10
Calculate the remainder when 4/38 - (4 + (-7400)/95) is divided by 31.
12
Let d(k) = -k**3 - 8*k**2 + 2*k + 10. Let l be d(-8). Calculate the remainder when 67 is divided by (34/l)/((-6)/18).
16
Let k = -152 + 149. Let s(u) be the third derivative of -u**4/4 - u**3 + u**2. Calculate the remainder when s(k) is divided by 8.
4
Let t = 1 - -1. Calculate the remainder when 102/(-1 + 3 + 0) is divided by (104/(-16))/((-1)/t).
12
Suppose 2*l + 24 = 2*g, -3*l - 30 = -3*g - 2*g. Let d = l - -24. Suppose 0 = -3*m - 12 + 21. What is the remainder when d is divided by m?
0
Let u = 1203 - 1087. Calculate the remainder when 2087 is divided by u.
115
Let f(d) = -34*d + 42. What is the remainder when 1087 is divided by f(1)?
7
Suppose -4*d + 2*g + 566 = 0, 4*d + 13*g - 563 = 14*g. What is the remainder when d is divided by 39?
23
Let v(s) = 112*s**3 - 4*s**2 + 5*s - 1. Suppose 2*l - 5*i = 13, 4*l + 3*i + 2*i - 101 = 0. Calculate th